{"id":9,"date":"2015-04-19T23:40:33","date_gmt":"2015-04-19T21:40:33","guid":{"rendered":"http:\/\/bkb.boleslawiec.pl\/?page_id=9"},"modified":"2026-01-25T18:42:39","modified_gmt":"2026-01-25T17:42:39","slug":"9-2","status":"publish","type":"page","link":"https:\/\/bkb.boleslawiec.pl\/?page_id=9","title":{"rendered":"Sk\u0142ad Zarz\u0105du"},"content":{"rendered":"<h5><span lang=\"pl\">Prezes BKB: <\/span><\/h5>\n<p><span style=\"text-decoration: underline;\"> <span lang=\"pl\">J<\/span><\/span><span lang=\"pl\"><span style=\"font-size: small;\"><span style=\"text-decoration: underline;\">aros\u0142aw Molenda<br \/>\n<\/span>e-mail: <\/span><span style=\"font-size: medium;\"> <a href=\"mailto:molenda.jaroslaw@gmail.com\">molenda.jaroslaw@gmail.com<\/a><\/span><\/span><\/p>\n<h5>Wiceprezes<span style=\"font-size: small;\">:<\/span><\/h5>\n<p><span style=\"font-size: small;\"> <span style=\"text-decoration: underline;\">S\u0142awomir Zimniak<br \/>\n<\/span>e-mail: <\/span><span style=\"font-size: medium;\"><a href=\"mailto:slawek.zimniak@gmail.com\">slawek.zimniak@gmail.com<\/a><\/span><\/p>\n<h5><span lang=\"pl\"> Sekretarz: <\/span><\/h5>\n<p><span style=\"text-decoration: underline;\"> Zdzis\u0142aw Patreuha:<\/span><span lang=\"pl\"><span style=\"font-size: small;\"><span style=\"text-decoration: underline;\"><br \/>\n<\/span>e-mail: <\/span><\/span> <a href=\"mailto:zpatreuha@gmail.com\">zpatreuha@gmail.com<\/a><\/p>\n<h5><span lang=\"pl\"> Skarbnik:<\/span><\/h5>\n<p><span style=\"font-size: small;\"> <span style=\"text-decoration: underline;\">Tadeusz Kowalik<br \/>\n<\/span>e-mail: <\/span><a href=\"mailto:t-kowalik@wp.pl\">t-kowalik@wp.pl<\/a><\/p>\n<h5>Cz\u0142onek Zarz\u0105du:<\/h5>\n<p><span style=\"text-decoration: underline;\">Marek Drecki<\/span><span style=\"font-size: small;\"><span style=\"text-decoration: underline;\"><br \/>\n<\/span>e-mail: <a href=\"mailto:marekdrecki@poczta.onet.pl\"> marekdrecki@poczta.onet.pl<\/a><\/span><\/p>\n","protected":false},"excerpt":{"rendered":"<p>Prezes BKB: Jaros\u0142aw Molenda e-mail: molenda.jaroslaw@gmail.com Wiceprezes: S\u0142awomir Zimniak e-mail: slawek.zimniak@gmail.com Sekretarz: Zdzis\u0142aw Patreuha: e-mail: zpatreuha@gmail.com Skarbnik: Tadeusz Kowalik e-mail: t-kowalik@wp.pl Cz\u0142onek Zarz\u0105du: Marek Drecki e-mail: marekdrecki@poczta.onet.pl<\/p>\n","protected":false},"author":2,"featured_media":0,"parent":0,"menu_order":0,"comment_status":"open","ping_status":"open","template":"","meta":[],"_links":{"self":[{"href":"https:\/\/bkb.boleslawiec.pl\/index.php?rest_route=\/wp\/v2\/pages\/9"}],"collection":[{"href":"https:\/\/bkb.boleslawiec.pl\/index.php?rest_route=\/wp\/v2\/pages"}],"about":[{"href":"https:\/\/bkb.boleslawiec.pl\/index.php?rest_route=\/wp\/v2\/types\/page"}],"author":[{"embeddable":true,"href":"https:\/\/bkb.boleslawiec.pl\/index.php?rest_route=\/wp\/v2\/users\/2"}],"replies":[{"embeddable":true,"href":"https:\/\/bkb.boleslawiec.pl\/index.php?rest_route=%2Fwp%2Fv2%2Fcomments&post=9"}],"version-history":[{"count":4,"href":"https:\/\/bkb.boleslawiec.pl\/index.php?rest_route=\/wp\/v2\/pages\/9\/revisions"}],"predecessor-version":[{"id":1969,"href":"https:\/\/bkb.boleslawiec.pl\/index.php?rest_route=\/wp\/v2\/pages\/9\/revisions\/1969"}],"wp:attachment":[{"href":"https:\/\/bkb.boleslawiec.pl\/index.php?rest_route=%2Fwp%2Fv2%2Fmedia&parent=9"}],"curies":[{"name":"wp","href":"https:\/\/api.w.org\/{rel}","templated":true}]}}