{"id":1145,"date":"2022-01-03T22:23:36","date_gmt":"2022-01-03T21:23:36","guid":{"rendered":"http:\/\/bkb.boleslawiec.pl\/?page_id=1145"},"modified":"2022-12-31T11:36:46","modified_gmt":"2022-12-31T10:36:46","slug":"2022-2","status":"publish","type":"page","link":"https:\/\/bkb.boleslawiec.pl\/?page_id=1145","title":{"rendered":"2022"},"content":{"rendered":"<h3><b>Turnieje poniedzia\u0142kowe<\/b><\/h3>\n<p>&#8217;<\/p>\n<table border=\"0\" width=\"400\">\n<tbody>\n<tr>\n<td width=\"94\">grudzie\u0144<\/td>\n<td width=\"60\"><a href=\"https:\/\/bkb.boleslawiec.pl\/wyniki\/2022\/221205\" target=\"_blank\" rel=\"noopener\">5<\/a><\/td>\n<td width=\"60\"><a href=\"https:\/\/bkb.boleslawiec.pl\/wyniki\/2022\/221212\" target=\"_blank\" rel=\"noopener\">12<\/a><\/td>\n<td width=\"61\"><a href=\"https:\/\/bkb.boleslawiec.pl\/wyniki\/2022\/221219\" target=\"_blank\" rel=\"noopener\">19<\/a><\/td>\n<td width=\"61\"><a href=\"https:\/\/bkb.boleslawiec.pl\/wyniki\/2022\/221227\" target=\"_blank\" rel=\"noopener\">27<\/a><\/td>\n<td width=\"61\"><\/td>\n<\/tr>\n<tr>\n<td width=\"94\">listopad<\/td>\n<td width=\"60\"><a href=\"https:\/\/bkb.boleslawiec.pl\/wyniki\/2022\/221107\" target=\"_blank\" rel=\"noopener\">7<\/a><\/td>\n<td width=\"60\"><a href=\"https:\/\/bkb.boleslawiec.pl\/wyniki\/2022\/221114\" target=\"_blank\" rel=\"noopener\">14<\/a><\/td>\n<td width=\"61\"><a href=\"https:\/\/bkb.boleslawiec.pl\/wyniki\/2022\/221121\" target=\"_blank\" rel=\"noopener\">21<\/a><\/td>\n<td width=\"61\"><a href=\"https:\/\/bkb.boleslawiec.pl\/wyniki\/2022\/221128\" target=\"_blank\" rel=\"noopener\">28<\/a><\/td>\n<td width=\"61\"><\/td>\n<\/tr>\n<tr>\n<td width=\"94\">pa\u017adziernik<\/td>\n<td width=\"60\"><a href=\"https:\/\/bkb.boleslawiec.pl\/wyniki\/2022\/221003\" target=\"_blank\" rel=\"noopener\">3<\/a><\/td>\n<td width=\"60\"><a href=\"https:\/\/bkb.boleslawiec.pl\/wyniki\/2022\/221010\" target=\"_blank\" rel=\"noopener\">10<\/a><\/td>\n<td width=\"61\"><a href=\"https:\/\/bkb.boleslawiec.pl\/wyniki\/2022\/221017\" target=\"_blank\" rel=\"noopener\">17<\/a><\/td>\n<td width=\"61\"><a href=\"https:\/\/bkb.boleslawiec.pl\/wyniki\/2022\/221024\" target=\"_blank\" rel=\"noopener\">24<\/a><\/td>\n<td width=\"61\"><\/td>\n<\/tr>\n<tr>\n<td width=\"94\">wrzesie\u0144<\/td>\n<td width=\"60\"><a href=\"https:\/\/bkb.boleslawiec.pl\/wyniki\/2022\/220905\" target=\"_blank\" rel=\"noopener\">5<\/a><\/td>\n<td width=\"60\"><a href=\"https:\/\/bkb.boleslawiec.pl\/wyniki\/2022\/220912\" target=\"_blank\" rel=\"noopener\">12<\/a><\/td>\n<td width=\"61\"><a href=\"https:\/\/bkb.boleslawiec.pl\/wyniki\/2022\/220919\" target=\"_blank\" rel=\"noopener\">19<\/a><\/td>\n<td width=\"61\"><a href=\"https:\/\/bkb.boleslawiec.pl\/wyniki\/2022\/220926\" target=\"_blank\" rel=\"noopener\">26<\/a><\/td>\n<td width=\"61\"><\/td>\n<\/tr>\n<tr>\n<td width=\"94\">sierpie\u0144<\/td>\n<td width=\"60\"><a href=\"https:\/\/bkb.boleslawiec.pl\/wyniki\/2022\/220801\/W-bc220801.html\" target=\"_blank\" rel=\"noopener\">1<\/a><\/td>\n<td width=\"60\"><a href=\"https:\/\/bkb.boleslawiec.pl\/wyniki\/2022\/220808\" target=\"_blank\" rel=\"noopener\">8<\/a><\/td>\n<td width=\"61\"><a href=\"https:\/\/bkb.boleslawiec.pl\/wyniki\/2022\/220815\" target=\"_blank\" rel=\"noopener\">15<\/a><\/td>\n<td width=\"61\"><a href=\"https:\/\/bkb.boleslawiec.pl\/wyniki\/2022\/220822\" target=\"_blank\" rel=\"noopener\">22<\/a><\/td>\n<td width=\"61\"><a href=\"https:\/\/bkb.boleslawiec.pl\/wyniki\/2022\/220829\" target=\"_blank\" rel=\"noopener\">29<\/a><\/td>\n<\/tr>\n<tr>\n<td width=\"94\">lipiec<\/td>\n<td width=\"60\"><a href=\"https:\/\/bkb.boleslawiec.pl\/wyniki\/2022\/220704\/\" target=\"_blank\" rel=\"noopener\">4<\/a><\/td>\n<td width=\"60\"><a href=\"https:\/\/bkb.boleslawiec.pl\/wyniki\/2022\/220711\/\" target=\"_blank\" rel=\"noopener\">11<\/a><\/td>\n<td width=\"61\"><a href=\"https:\/\/bkb.boleslawiec.pl\/wyniki\/2022\/220718\/\" target=\"_blank\" rel=\"noopener\">18<\/a><\/td>\n<td width=\"61\"><a href=\"https:\/\/bkb.boleslawiec.pl\/wyniki\/2022\/220725\/\" target=\"_blank\" rel=\"noopener\">25<\/a><\/td>\n<td width=\"61\"><\/td>\n<\/tr>\n<tr>\n<td width=\"94\">czerwiec<\/td>\n<td width=\"60\"><a href=\"https:\/\/bkb.boleslawiec.pl\/wyniki\/2022\/220607\/\" target=\"_blank\" rel=\"noopener\">7<\/a><\/td>\n<td width=\"60\"><a href=\"https:\/\/bkb.boleslawiec.pl\/wyniki\/2022\/220613\/\" target=\"_blank\" rel=\"noopener\">13<\/a><\/td>\n<td width=\"61\"><a href=\"https:\/\/bkb.boleslawiec.pl\/wyniki\/2022\/220620\/\" target=\"_blank\" rel=\"noopener\">20<\/a><\/td>\n<td width=\"61\"><a href=\"https:\/\/bkb.boleslawiec.pl\/wyniki\/2022\/220627\/W-bc20220627.html\" target=\"_blank\" rel=\"noopener\">27<\/a><\/td>\n<td width=\"61\"><\/td>\n<\/tr>\n<tr>\n<td width=\"94\">maj<\/td>\n<td width=\"60\"><a href=\"https:\/\/bkb.boleslawiec.pl\/wyniki\/2022\/220503\/\" target=\"_blank\" rel=\"noopener\">3<\/a><\/td>\n<td width=\"60\">\u00a0<a href=\"https:\/\/bkb.boleslawiec.pl\/wyniki\/2022\/220509\/\">9<\/a><\/td>\n<td width=\"61\"><a href=\"https:\/\/bkb.boleslawiec.pl\/wyniki\/2022\/220516\/\">16<\/a><\/td>\n<td width=\"61\"><a href=\"https:\/\/bkb.boleslawiec.pl\/wyniki\/2022\/220524\/\">24<\/a><\/td>\n<td width=\"61\"><a href=\"https:\/\/bkb.boleslawiec.pl\/wyniki\/2022\/220531\/\">31<\/a><\/td>\n<\/tr>\n<tr>\n<td width=\"94\">kwiecie\u0144<\/td>\n<td width=\"60\"><a href=\"https:\/\/bkb.boleslawiec.pl\/wyniki\/2022\/220404\/\" target=\"_blank\" rel=\"noopener\">4<\/a><\/td>\n<td width=\"60\"><a href=\"https:\/\/bkb.boleslawiec.pl\/wyniki\/2022\/220411\/\" target=\"_blank\" rel=\"noopener\">11<\/a><\/td>\n<td width=\"61\"><a href=\"https:\/\/bkb.boleslawiec.pl\/wyniki\/2022\/220419\/\" target=\"_blank\" rel=\"noopener\">19<\/a><\/td>\n<td width=\"61\"><a href=\"https:\/\/bkb.boleslawiec.pl\/wyniki\/2022\/220425\/\" target=\"_blank\" rel=\"noopener\">25 dod<\/a><\/td>\n<td width=\"61\"><a href=\"https:\/\/bkb.boleslawiec.pl\/wyniki\/2022\/220426\/\" target=\"_blank\" rel=\"noopener\">26<\/a><\/td>\n<\/tr>\n<tr>\n<td width=\"94\">marzec<\/td>\n<td width=\"60\"><a href=\"https:\/\/bkb.boleslawiec.pl\/wyniki\/2022\/220307\/\" target=\"_blank\" rel=\"noopener\">7<\/a><\/td>\n<td width=\"60\"><a href=\"https:\/\/bkb.boleslawiec.pl\/wyniki\/2022\/220314\/\" target=\"_blank\" rel=\"noopener\">14<\/a><\/td>\n<td width=\"61\"><a href=\"https:\/\/bkb.boleslawiec.pl\/wyniki\/2022\/220321\/\" target=\"_blank\" rel=\"noopener\">21<\/a><\/td>\n<td width=\"61\"><a href=\"https:\/\/bkb.boleslawiec.pl\/wyniki\/2022\/220328\/\" target=\"_blank\" rel=\"noopener\">28<\/a><\/td>\n<td width=\"61\"><\/td>\n<\/tr>\n<tr>\n<td width=\"93\">luty<\/td>\n<td width=\"60\"><a href=\"https:\/\/bkb.boleslawiec.pl\/wyniki\/2022\/220207\/\" target=\"_blank\" rel=\"noopener\">7<\/a><\/td>\n<td width=\"60\"><a href=\"https:\/\/bkb.boleslawiec.pl\/wyniki\/2022\/220214\/\" target=\"_blank\" rel=\"noopener\">14<\/a><\/td>\n<td width=\"61\"><a href=\"https:\/\/bkb.boleslawiec.pl\/wyniki\/2022\/220221\/\" target=\"_blank\" rel=\"noopener\">21<\/a><\/td>\n<td width=\"61\"><a href=\"https:\/\/bkb.boleslawiec.pl\/wyniki\/2022\/220228\/\" target=\"_blank\" rel=\"noopener\">28<\/a><\/td>\n<td width=\"61\"><\/td>\n<\/tr>\n<tr>\n<td width=\"93\">stycze\u0144<\/td>\n<td width=\"60\"><a href=\"https:\/\/bkb.boleslawiec.pl\/wyniki\/2022\/220103\/\" target=\"_blank\" rel=\"noopener\">3<\/a><\/td>\n<td width=\"60\"><a href=\"https:\/\/bkb.boleslawiec.pl\/wyniki\/2022\/220110\/\" target=\"_blank\" rel=\"noopener\">10<\/a><\/td>\n<td width=\"61\"><a href=\"https:\/\/bkb.boleslawiec.pl\/wyniki\/2022\/220117\/\" target=\"_blank\" rel=\"noopener\">17<\/a><\/td>\n<td width=\"61\"><a href=\"https:\/\/bkb.boleslawiec.pl\/wyniki\/2022\/220124\/\" target=\"_blank\" rel=\"noopener\">24<\/a><\/td>\n<td width=\"61\"><a href=\"https:\/\/bkb.boleslawiec.pl\/wyniki\/2022\/220131\/\" target=\"_blank\" rel=\"noopener\">31<\/a><\/td>\n<\/tr>\n<\/tbody>\n<\/table>\n<p><a href=\"https:\/\/bkb.boleslawiec.pl\/wyniki\/2022\/220105\/\">Turniej Noworoczny &#8211; 5.1.2022<\/a><\/p>\n<p><a href=\"https:\/\/bkb.boleslawiec.pl\/wyniki\/2022\/221208\" target=\"_blank\" rel=\"noopener\">Turniej \u015awi\u0105teczny 60+ 7.12.2022<\/a><\/p>\n<h3 align=\"center\">Punktacja d\u0142ugofalowa<\/h3>\n<table border=\"0\" width=\"400\">\n<tbody>\n<tr>\n<td width=\"17%\" height=\"1\"><a href=\"https:\/\/bkb.boleslawiec.pl\/wyniki\/2022\/lip-sie\/\">lipiec-sierpie\u0144<\/a><\/td>\n<td width=\"25%\" height=\"1\"><a href=\"https:\/\/bkb.boleslawiec.pl\/wyniki\/2022\/wrz-paz\/\">wrzesie\u0144-pa\u017adziernik<\/a><\/td>\n<td width=\"21%\" height=\"1\"><a href=\"https:\/\/bkb.boleslawiec.pl\/wyniki\/2022\/lis-gru\/\">listopad-grudzie\u0144<\/a><\/td>\n<\/tr>\n<tr>\n<td width=\"17%\" height=\"1\"><a href=\"https:\/\/bkb.boleslawiec.pl\/wyniki\/2022\/sty-lut\/\">stycze\u0144-luty<\/a><\/td>\n<td width=\"25%\" height=\"1\"><a href=\"https:\/\/bkb.boleslawiec.pl\/wyniki\/2022\/mar-kwi\/\" target=\"_blank\" rel=\"noopener\">marzec-kwiecie\u0144<\/a><\/td>\n<td width=\"21%\" height=\"1\"><a href=\"https:\/\/bkb.boleslawiec.pl\/wyniki\/2022\/maj-cze\/\">maj-czerwiec<\/a><\/td>\n<\/tr>\n<\/tbody>\n<\/table>\n<h3 align=\"center\"><b>Turnieje czwartkowe<\/b><\/h3>\n<div align=\"center\">\n<table border=\"0\" width=\"400\">\n<tbody>\n<tr>\n<td width=\"94\">grudzie\u0144<\/td>\n<td width=\"60\"><a href=\"https:\/\/bkb.boleslawiec.pl\/wyniki\/2022\/221201\" target=\"_blank\" rel=\"noopener\">1<\/a><\/td>\n<td width=\"60\"><a href=\"https:\/\/bkb.boleslawiec.pl\/wyniki\/2022\/221208\" target=\"_blank\" rel=\"noopener\">8<\/a><\/td>\n<td width=\"61\"><a href=\"https:\/\/bkb.boleslawiec.pl\/wyniki\/2022\/221215\" target=\"_blank\" rel=\"noopener\">15<\/a><\/td>\n<td width=\"61\"><a href=\"https:\/\/bkb.boleslawiec.pl\/wyniki\/2022\/221230\" target=\"_blank\" rel=\"noopener\">30<\/a><\/td>\n<td width=\"61\"><\/td>\n<\/tr>\n<tr>\n<td width=\"94\">listopad<\/td>\n<td width=\"60\"><a href=\"https:\/\/bkb.boleslawiec.pl\/wyniki\/2022\/221103\" target=\"_blank\" rel=\"noopener\">3<\/a><\/td>\n<td width=\"60\"><a href=\"https:\/\/bkb.boleslawiec.pl\/wyniki\/2022\/221110\/W-bc20221110.html\" target=\"_blank\" rel=\"noopener\">10<\/a><\/td>\n<td width=\"61\"><a href=\"https:\/\/bkb.boleslawiec.pl\/wyniki\/2022\/221117\" target=\"_blank\" rel=\"noopener\">17<\/a><\/td>\n<td width=\"61\"><a href=\"https:\/\/bkb.boleslawiec.pl\/wyniki\/2022\/221124\" target=\"_blank\" rel=\"noopener\">24<\/a><\/td>\n<td width=\"61\"><\/td>\n<\/tr>\n<tr>\n<td width=\"94\">pa\u017adziernik<\/td>\n<td width=\"60\"><a href=\"https:\/\/bkb.boleslawiec.pl\/wyniki\/2022\/221006\" target=\"_blank\" rel=\"noopener\">6<\/a><\/td>\n<td width=\"60\"><a href=\"https:\/\/bkb.boleslawiec.pl\/wyniki\/2022\/221020\" target=\"_blank\" rel=\"noopener\">20<\/a><\/td>\n<td width=\"61\"><a href=\"https:\/\/bkb.boleslawiec.pl\/wyniki\/2022\/221027\" target=\"_blank\" rel=\"noopener\">27<\/a><\/td>\n<td width=\"61\"><\/td>\n<td width=\"61\"><\/td>\n<\/tr>\n<tr>\n<td width=\"94\">wrzesie\u0144<\/td>\n<td width=\"60\"><a href=\"https:\/\/bkb.boleslawiec.pl\/wyniki\/2022\/220901\" target=\"_blank\" rel=\"noopener\">1<\/a><\/td>\n<td width=\"60\"><a href=\"https:\/\/bkb.boleslawiec.pl\/wyniki\/2022\/220908\" target=\"_blank\" rel=\"noopener\">8<\/a><\/td>\n<td width=\"61\"><a href=\"https:\/\/bkb.boleslawiec.pl\/wyniki\/2022\/220915\" target=\"_blank\" rel=\"noopener\">15<\/a><\/td>\n<td width=\"61\"><a href=\"https:\/\/bkb.boleslawiec.pl\/wyniki\/2022\/220922\" target=\"_blank\" rel=\"noopener\">22<\/a><\/td>\n<td width=\"61\"><a href=\"https:\/\/bkb.boleslawiec.pl\/wyniki\/2022\/220929\" target=\"_blank\" rel=\"noopener\">29<\/a><\/td>\n<\/tr>\n<tr>\n<td width=\"94\">sierpie\u0144<\/td>\n<td width=\"60\"><a href=\"https:\/\/bkb.boleslawiec.pl\/wyniki\/2022\/220804\/\" target=\"_blank\" rel=\"noopener\">4<\/a><\/td>\n<td width=\"60\"><a href=\"https:\/\/bkb.boleslawiec.pl\/wyniki\/2022\/220811\/\" target=\"_blank\" rel=\"noopener\">11<\/a><\/td>\n<td width=\"61\"><a href=\"https:\/\/bkb.boleslawiec.pl\/wyniki\/2022\/220825\" target=\"_blank\" rel=\"noopener\">25<\/a><\/td>\n<td width=\"61\"><\/td>\n<td width=\"61\"><\/td>\n<\/tr>\n<tr>\n<td width=\"94\">lipiec<\/td>\n<td width=\"60\"><a href=\"https:\/\/bkb.boleslawiec.pl\/wyniki\/2022\/220707\/\" target=\"_blank\" rel=\"noopener\">7<\/a><\/td>\n<td width=\"60\"><a href=\"https:\/\/bkb.boleslawiec.pl\/wyniki\/2022\/220714\/\" target=\"_blank\" rel=\"noopener\">14<\/a><\/td>\n<td width=\"61\"><a href=\"https:\/\/bkb.boleslawiec.pl\/wyniki\/2022\/220721\/\" target=\"_blank\" rel=\"noopener\">21<\/a><\/td>\n<td width=\"61\"><a href=\"https:\/\/bkb.boleslawiec.pl\/wyniki\/2022\/220728\/\" target=\"_blank\" rel=\"noopener\">28<\/a><\/td>\n<td width=\"61\"><\/td>\n<\/tr>\n<tr>\n<td width=\"94\">czerwiec<\/td>\n<td width=\"60\"><a href=\"https:\/\/bkb.boleslawiec.pl\/wyniki\/2022\/220602\/\" target=\"_blank\" rel=\"noopener\">2<\/a><\/td>\n<td width=\"60\"><a href=\"https:\/\/bkb.boleslawiec.pl\/wyniki\/2022\/220609\/\" target=\"_blank\" rel=\"noopener\">9<\/a><\/td>\n<td width=\"61\"><a href=\"https:\/\/bkb.boleslawiec.pl\/wyniki\/2022\/220617\" target=\"_blank\" rel=\"noopener\">17<\/a><\/td>\n<td width=\"61\"><a href=\"https:\/\/bkb.boleslawiec.pl\/wyniki\/2022\/220623\" target=\"_blank\" rel=\"noopener\">23<\/a><\/td>\n<td width=\"61\"><\/td>\n<\/tr>\n<tr>\n<td width=\"94\">maj<\/td>\n<td width=\"60\"><a href=\"https:\/\/bkb.boleslawiec.pl\/wyniki\/2022\/220505\/\" target=\"_blank\" rel=\"noopener\">5<\/a><\/td>\n<td width=\"60\"><a href=\"https:\/\/bkb.boleslawiec.pl\/wyniki\/2022\/220512\/W-bol20220512.html\">12<\/a><\/td>\n<td width=\"61\"><a href=\"https:\/\/bkb.boleslawiec.pl\/wyniki\/2022\/220519\">19<\/a><\/td>\n<td width=\"61\"><a href=\"https:\/\/bkb.boleslawiec.pl\/wyniki\/2022\/220526\">26<\/a><\/td>\n<td width=\"61\"><\/td>\n<\/tr>\n<tr>\n<td width=\"94\">kwiecie\u0144<\/td>\n<td width=\"60\"><a href=\"https:\/\/bkb.boleslawiec.pl\/wyniki\/2022\/220407\/\" target=\"_blank\" rel=\"noopener\">7<\/a><\/td>\n<td width=\"60\"><a href=\"https:\/\/bkb.boleslawiec.pl\/wyniki\/2022\/220414\/\" target=\"_blank\" rel=\"noopener\">14<\/a><\/td>\n<td width=\"61\"><a href=\"https:\/\/bkb.boleslawiec.pl\/wyniki\/2022\/220421\/\" target=\"_blank\" rel=\"noopener\">21<\/a><\/td>\n<td width=\"61\"><a href=\"https:\/\/bkb.boleslawiec.pl\/wyniki\/2022\/220428\/\" target=\"_blank\" rel=\"noopener\">28<\/a><\/td>\n<td width=\"61\"><\/td>\n<\/tr>\n<tr>\n<td width=\"94\">marzec<\/td>\n<td width=\"60\"><a href=\"https:\/\/bkb.boleslawiec.pl\/wyniki\/2022\/220303\/\" target=\"_blank\" rel=\"noopener\">3<\/a><\/td>\n<td width=\"60\"><a href=\"https:\/\/bkb.boleslawiec.pl\/wyniki\/2022\/220310\/\" target=\"_blank\" rel=\"noopener\">10<\/a><\/td>\n<td width=\"61\"><a href=\"https:\/\/bkb.boleslawiec.pl\/wyniki\/2022\/220317\/\" target=\"_blank\" rel=\"noopener\">17<\/a><\/td>\n<td width=\"61\"><a href=\"https:\/\/bkb.boleslawiec.pl\/wyniki\/2022\/220324\/\" target=\"_blank\" rel=\"noopener\">24<\/a><\/td>\n<td width=\"61\"><a href=\"https:\/\/bkb.boleslawiec.pl\/wyniki\/2022\/220331\/W-bc220331.html\">31<\/a><\/td>\n<\/tr>\n<tr>\n<td width=\"94\">luty<\/td>\n<td width=\"60\"><a href=\"https:\/\/bkb.boleslawiec.pl\/wyniki\/2022\/220203\/\" target=\"_blank\" rel=\"noopener\">3<\/a><\/td>\n<td width=\"60\"><a href=\"https:\/\/bkb.boleslawiec.pl\/wyniki\/2022\/220210\/\" target=\"_blank\" rel=\"noopener\">10<\/a><\/td>\n<td width=\"61\"><a href=\"https:\/\/bkb.boleslawiec.pl\/wyniki\/2022\/220217\/\" target=\"_blank\" rel=\"noopener\">17<\/a><\/td>\n<td width=\"61\"><a href=\"https:\/\/bkb.boleslawiec.pl\/wyniki\/2022\/220223\/\" target=\"_blank\" rel=\"noopener\">23<\/a><\/td>\n<td width=\"61\"><\/td>\n<\/tr>\n<tr>\n<td width=\"94\">stycze\u0144<\/td>\n<td width=\"60\">\u00a0<a href=\"https:\/\/bkb.boleslawiec.pl\/wyniki\/2022\/220113\/\" target=\"_blank\" rel=\"noopener\">13<\/a><\/td>\n<td width=\"60\"><a href=\"https:\/\/bkb.boleslawiec.pl\/wyniki\/2022\/220120\/\" target=\"_blank\" rel=\"noopener\">20<\/a><\/td>\n<td width=\"61\">\u00a0<a href=\"https:\/\/bkb.boleslawiec.pl\/wyniki\/2022\/220127\/W-bc220127.html\">27<\/a><\/td>\n<td width=\"61\"><\/td>\n<td width=\"61\"><\/td>\n<\/tr>\n<\/tbody>\n<\/table>\n<\/div>\n","protected":false},"excerpt":{"rendered":"<p>Turnieje poniedzia\u0142kowe &#8217; grudzie\u0144 5 12 19 27 listopad 7 14 21 28 pa\u017adziernik 3 10 17 24 wrzesie\u0144 5 12 19 26 sierpie\u0144 1 8 15 22 29 lipiec 4 11 18 25 czerwiec 7 13 20 27 maj 3 \u00a09 16 24 31 kwiecie\u0144 4 11 19 25 dod 26 marzec 7 14 &hellip; <a href=\"https:\/\/bkb.boleslawiec.pl\/?page_id=1145\" class=\"more-link\">Czytaj dalej <span class=\"screen-reader-text\">2022<\/span><\/a><\/p>\n","protected":false},"author":2,"featured_media":0,"parent":0,"menu_order":0,"comment_status":"closed","ping_status":"closed","template":"","meta":[],"_links":{"self":[{"href":"https:\/\/bkb.boleslawiec.pl\/index.php?rest_route=\/wp\/v2\/pages\/1145"}],"collection":[{"href":"https:\/\/bkb.boleslawiec.pl\/index.php?rest_route=\/wp\/v2\/pages"}],"about":[{"href":"https:\/\/bkb.boleslawiec.pl\/index.php?rest_route=\/wp\/v2\/types\/page"}],"author":[{"embeddable":true,"href":"https:\/\/bkb.boleslawiec.pl\/index.php?rest_route=\/wp\/v2\/users\/2"}],"replies":[{"embeddable":true,"href":"https:\/\/bkb.boleslawiec.pl\/index.php?rest_route=%2Fwp%2Fv2%2Fcomments&post=1145"}],"version-history":[{"count":122,"href":"https:\/\/bkb.boleslawiec.pl\/index.php?rest_route=\/wp\/v2\/pages\/1145\/revisions"}],"predecessor-version":[{"id":1474,"href":"https:\/\/bkb.boleslawiec.pl\/index.php?rest_route=\/wp\/v2\/pages\/1145\/revisions\/1474"}],"wp:attachment":[{"href":"https:\/\/bkb.boleslawiec.pl\/index.php?rest_route=%2Fwp%2Fv2%2Fmedia&parent=1145"}],"curies":[{"name":"wp","href":"https:\/\/api.w.org\/{rel}","templated":true}]}}